390*v - 28225. Give y(-12).
167
Let p(o) = -802*o**2 + 198*o + 404. What is p(-2)?
-3200
Let b(d) = 3*d**2 + 1238*d + 20181. Calculate b(-17).
2
Let y(x) = -x**3 - 31*x**2 - 70*x - 3295. What is y(-32)?
-31
Let n(l) = l**2 + 127*l + 596. Determine n(0).
596
Let d(v) = -13*v**3 + 9074*v**2 + 7*v - 4895. What is d(698)?
-9
Let u(f) = -129*f**2 - 2490*f + 7452. What is u(3)?
-1179
Let y(j) = -543*j + 33319. Calculate y(61).
196
Let p(r) = -28924*r - 7925152. What is p(-274)?
24
Let i(a) = a**3 - 60*a**2 + 73*a - 39. Calculate i(59).
787
Let y(b) = -10*b**2 - 124*b - 641. Give y(-4).
-305
Let y(r) = -6*r**2 - 15*r + 834. What is y(20)?
-1866
Let b(m) = m**3 + 37*m**2 + 237*m + 425. What is b(-29)?
280
Let a(k) = 43610*k + 392666. What is a(-9)?
176
Let s(m) = 2*m**2 + 1788*m - 5238471. What is s(1232)?
-7
Let x(q) = q**2 - 34711*q + 10834735. Calculate x(315).
-5
Let a(g) = 113*g - 14825. Determine a(130).
-135
Let l(d) = 1107*d**2 + 4402*d - 126. Give l(-4).
-22
Let b(f) = 57*f**2 + 3575*f - 7158. Calculate b(2).
220
Let s(v) = -v**3 + 175*v**2 - 880*v + 5171. Determine s(170).
71
Let a(h) = 12*h**2 + 64*h - 225. Give a(-8).
31
Let j(k) = 6*k**3 - 44*k**2 + 13*k - 26. Determine j(7).
-33
Let w(c) = -6717*c - 46978. What is w(-7)?
41
Let f(i) = -15*i**2 + 188*i + 3862. Calculate f(-11).
-21
Let q(p) = p**3 - 7*p**2 + 34*p - 402. Give q(9).
66
Let z(u) = -560*u - 1894. What is z(-3)?
-214
Let x(c) = -194*c - 21394. Calculate x(-109).
-248
Let f(q) = 2*q**2 + 1716*q - 45833. Determine f(26).
135
Let h(j) = -17*j**2 + 194*j - 416. What is h(9)?
-47
Let q(k) = 6827*k - 1024045. What is q(150)?
5
Let j(u) = -38*u**3 - 418*u**2 - 7251*u - 79753. Determine j(-11).
8
Let a(b) = 43*b**2 - 332*b - 35. Determine a(7).
-252
Let d(y) = -y**3 + 40*y**2 - 197*y - 202. Determine d(33).
920
Let g(z) = z**3 - 36*z**2 - 258*z + 1312. Give g(42).
1060
Let z(w) = -17*w**2 + 1869*w - 39009. Determine z(28).
-5
Let f(a) = 4*a**2 - 146*a - 4919. Calculate f(57).
-245
Let o(u) = 38956*u - 272687. Determine o(7).
5
Let a(j) = -606*j**2 - 6663*j + 71. Give a(-11).
38
Let s(m) = 22*m**3 - 4*m**2 + 1197*m + 2411. What is s(-2)?
-175
Let q(z) = -4*z**2 - 163*z + 717. Determine q(-46).
-249
Let s(w) = -23790*w - 8374046. Give s(-352).
34
Let t(w) = 1245*w - 1087. Determine t(1).
158
Let q(u) = -998*u**3 - 35*u**2 + 7*u - 2. Calculate q(-1).
954
Let n(o) = -7*o**3 - 1739*o**2 + 2731*o - 4743. Determine n(-250).
7
Let a(x) = -x**3 + 10*x**2 - 43*x + 841. Give a(13).
-225
Let i(w) = -26*w**2 - 44*w + 209. Determine i(4).
-383
Let t(r) = 4456*r**2 - 8850*r. What is t(2)?
124
Let h(n) = -7*n**3 + 109*n**2 + 44132*n - 296. Calculate h(-72).
-8
Let l(o) = -o**2 - 40*o - 3213. Give l(0).
-3213
Let h(o) = 2773*o**2 + 410403*o - 108. Calculate h(-148).
40
Let j(i) = -i**2 - 10268*i + 1309640. Give j(126).
-4
Let d(a) = 139*a + 12771. What is d(-92)?
-17
Let u(k) = -k**3 + 182*k**2 + 250*k + 56425. What is u(185)?
0
Let s(k) = -2*k**2 - 33072*k + 529751. Calculate s(16).
87
Let t(d) = 33701*d + 438123. What is t(-13)?
10
Let s(u) = -19*u**2 - 128*u - 838. Calculate s(-6).
-754
Let f(l) = 2351*l + 56545. Give f(-23).
2472
Let k(b) = b**3 - 49*b**2 + 222*b + 335. Give k(45).
2225
Let u(s) = 15*s**2 + 41*s - 73. What is u(5)?
507
Let w(m) = -133*m**2 + 1337*m - 102. What is w(10)?
-32
Let o(a) = 2*a**2 + 355*a + 15461. Determine o(-77).
-16
Let d(q) = 431*q - 110359. Calculate d(256).
-23
Let q(d) = d**2 + 279*d - 11860. Give q(38).
186
Let n(j) = -194*j - 39450. What is n(-204)?
126
Let v(p) = 96*p - 1928. Determine v(27).
664
Let l(w) = -w**2 - 801*w + 16402. Give l(20).
-18
Let b(c) = c**3 + 25*c**2 + 13*c + 380. Determine b(-25).
55
Let u(c) = -8*c**2 - 1188*c + 3018. Calculate u(-151).
-2
Let g(b) = b**3 + 2*b**2 + 534*b - 2218. What is g(4)?
14
Let p(x) = 14*x - 283. Give p(-9).
-409
Let h(l) = 671*l - 4079. Calculate h(6).
-53
Let k(q) = -3*q**3 + 9*q**2 - 54*q - 70. Give k(7).
-1036
Let b(h) = 57509*h + 229813. Determine b(-4).
-223
Let h(l) = 40573*l - 568012. Calculate h(14).
10
Let s(h) = -110*h + 3834. What is s(33)?
204
Let y(w) = 2*w**3 - 107*w**2 - 77*w + 1110. Determine y(54).
-132
Let p(g) = 79044*g + 790455. What is p(-10)?
15
Let k(u) = -3*u**3 + 8*u**2 - 4664*u + 18720. Determine k(4).
0
Let l(c) = 7*c**3 + 191*c**2 + 236*c + 73. Calculate l(-26).
21
Let l(d) = 59109*d + 1004855. What is l(-17)?
2
Let m(n) = 14476*n - 7614379. Give m(526).
-3
Let d(n) = -334*n - 1589. Give d(-7).
749
Let w(d) = -d**3 - 136*d**2 - 1264*d - 476. Determine w(-126).
28
Let m(h) = -4907*h + 34440. What is m(7)?
91
Let n(l) = 2*l**3 + 20*l**2 + 36*l + 302. Determine n(-8).
270
Let d(z) = 165*z**2 - 1556*z + 2069. Determine d(8).
181
Let n(k) = -6*k**2 + 673*k + 1912. Determine n(115).
-43
Let v(n) = n**3 - 67*n**2 + 1032*n + 53. What is v(42)?
-703
Let k(a) = -26*a**3 - 5175*a**2 - 196*a + 622. What is k(-199)?
25
Let r(m) = -584*m + 7054. What is r(12)?
46
Let w(o) = 692*o**3 + 3*o**2 - 110*o + 107. Determine w(1).
692
Let v(z) = -5*z**3 + 5*z**2 + 135*z - 268. Give v(2).
-18
Let l(s) = -149560*s + 896639. Determine l(6).
-721
Let q(y) = -379*y + 4696. Give q(12).
148
Let a(f) = -5*f**2 - 142*f + 2581. Give a(-41).
-2
Let g(c) = -2*c**3 + 523*c**2 - 32*c + 77022. Determine g(262).
-6
Let p(i) = 1087*i + 3337. Give p(-3).
76
Let k(g) = -430*g - 24514. Give k(-57).
-4
Let d(r) = 3049*r**2 + 33539*r. Calculate d(-11).
0
Let j(g) = -319*g + 6768. Determine j(21).
69
Let f(j) = -21353*j - 106674. Calculate f(-5).
91
Let q(o) = 2*o**3 + 50*o**2 - 300*o - 1. Determine q(5).
-1
Let r(u) = -120*u**2 + 4664*u + 617. Determine r(39).
-7
Let n(m) = -166*m - 4805. What is n(-35)?
1005
Let n(p) = -p**2 - 232*p - 13203. What is n(-100)?
-3
Let g(b) = 2*b**3 - 603*b**2 + 126*b + 52754. What is g(301)?
79
Let o(y) = 335*y - 16548. Calculate o(56).
2212
Let h(m) = 383*m - 7112. What is h(19)?
165
Let y(u) = -u**3 - 157*u**2 + 807*u - 185. Calculate y(-162).
301
Let g(c) = 988*c + 128430. What is g(-130)?
-10
Let v(n) = -2826*n - 16405. Give v(-6).
551
Let m(g) = -g**3 + 243*g**2 + 558*g - 16215. Give m(245).
445
Let h(l) = 2*l**2 + 81*l + 2909. Calculate h(-43).
3124
Let s(o) = -o**3 + 193*o**2 - 509*o + 23413. Determine s(191).
-844
Let l(a) = -9*a**3 + 5*a**2 + 2*a + 2. What is l(-2)?
90
Let x(l) = l**3 + 279*l**2 + 274*l - 1108. What is x(-278)?
4
Let n(s) = -s**3 - 136*s**2 - 4629*s - 361. Calculate n(-68).
-21
Let v(s) = -s**3 + 41*s**2 - 45*s + 154. Give v(40).
-46
Let m(i) = i**2 - 102475*i - 614903. Determine m(-6).
-17
Let a(p) = p**3 + 19*p**2 + 66*p - 178. Determine a(-8).
-2
Let j(l) = l**3 + 24*l**2 + 2070*l + 55113. Determine j(-26).
-59
Let t(n) = 313*n**3 - 2*n - 24. Calculate t(0).
-24
Let a(g) = -234155*g + 2575742. What is a(11)?
37
Let f(i) = 3*i**3 + 5*i**2 + 27*i - 555. Calculate f(0).
-555
Let u(w) = -w**3 - 152*w**2 - 2052*w + 323. What is u(-137)?
-88
Let s(p) = -p**3 + 10*p**2 - 212*p - 476. Calculate s(-2).
-4
Let a(j) = -2*j**3 + 56*j**2 - 67*j + 29. Determine a(27).
-322
Let t(z) = -379779*z - 4557346. Calculate t(-12).
2
Let u(t) = -3*t**3 - 103*t**2 + 310*t + 521. Calculate u(-37).
3
Let n(x) = -2*x**3 + 30*x**2 - 185*x + 598. Determine n(8).
14
Let x(w) = 1943*w + 8470. Determine x(-5).
-1245
Let f(x) = -1079*x + 4316. Calculate f(4).
0
Let v(r) = -r**3 - 73*r**2 - 63*r + 639. Give v(-72).
-9
Let o(l) = -3*l**3 - 88*l**2 - 278*l - 490. Calculate o(-26).
-22
Let p(y) = -1815322*y - 14522582. Give p(-8).
-6
Let t(m) = 7*m**2 - 183*m + 2890. Determine t(17).
1802
Let k(a) = 7*a**2 + 167*a - 873. Calculate k(5).
137
Let v(i) = 27*i**2 + 479*i - 30. What is v(-24)?
4026
Let q(y) = -13043*y - 11008284. Calculate q(-844).
8
Let r(h) = -4478698*h + 17914788. Calculate r(4).
-4
Let d(i) = -1012*i - 10599. Give d(-10).
-479
Let b(y) = -17087*y - 2323829. Give b(-136).
3
Let y(b) = 166*b**2 - 2177*b + 165. Calculate y(13).
-82
Let m(j) = -j**3 - 13*j**2 - 7687*j - 92103. Give m(-12).
-3
Let b(t) = -2*t**2 + 17525*t + 263322. Calculate b(-15).
-3
Let p(f) = -5*f**3 + 315*f**2 + 2837*f + 157. Calculate p(71).
-56
Let x(y) = 5*y**2 + 15*y + 2. Determine x(-1).
-8
Let t(u) = -u**3 - 514*u**2 + 1588*u + 19121. What is t(-517)?
-8
Let v(d) = -2*d**3 - 5*d**2 - 77*d + 1600. What is v(0)?
1600